{"id":2,"date":"2024-10-31T19:05:30","date_gmt":"2024-10-31T18:05:30","guid":{"rendered":"http:\/\/altzaxxi.org\/?page_id=2"},"modified":"2024-11-19T16:05:46","modified_gmt":"2024-11-19T15:05:46","slug":"quienes-somos","status":"publish","type":"page","link":"https:\/\/altzaxxi.org\/index.php\/es\/quienes-somos\/","title":{"rendered":"Quienes somos"},"content":{"rendered":"\n<h3 class=\"wp-block-heading\"><strong><strong>ALTZA XXI, ASOCIACI\u00d3N VECINAL: OBSERVATORIO SOCIO-URBAN\u00cdSTICO DE ALTZA Y DONOSTIA<\/strong><\/strong><\/h3>\n\n\n\n<h4 class=\"wp-block-heading\">Nuestra labor<\/h4>\n\n\n\n<p>Reflexionar, debatir y proponer actuaciones y proyectos socio-urban\u00edsticos con el objetivo de mejorar la calidad de vida de Altza, su imagen urbana, su nivel de servicios y en definitiva su estructura y funcionamiento urbano y territorial.<\/p>\n\n\n\n<p>Nuestra asociaci\u00f3n, Altza XXI, se constituye en el a\u00f1o 2000, ante los salvajes planes del ayuntamiento de Donostia y del PSOE (con Od\u00f3n y Letamend\u00eda a la cabeza) de construir m\u00e1s de 3.500 viviendas en Auditz-Akular, la <strong>\u00fanica zona verde que le queda a Altza<\/strong>.<\/p>\n\n\n\n<p>Durante estos 15 a\u00f1os hemos <strong>analizado las carencias de Altza<\/strong> y presentado escritos, realizado <strong>seminarios<\/strong> y organizado <strong>conferencias<\/strong> sobre las condiciones urban\u00edsticas de Altza. Hemos presentado <strong>alegaciones<\/strong> a los planes municipales, reivindicando una <strong>participaci\u00f3n real <\/strong>en la que poder influir y decidir sobre el futuro de nuestra comunidad. Hemos impulsado proyectos de <strong>participaci\u00f3n ciudadana<\/strong> encaminados a, partiendo de la informaci\u00f3n socio-urban\u00edstica existente, reflexionar, debatir y terminar en una fase propositiva en torno a las actuaciones o proyectos que pueden mejorar la calidad de vida de Altza, su imagen urbana, su nivel de servicios y, en definitiva, su estructura y funcionamiento urbano y territorial.<\/p>\n\n\n\n<p>Creemos que la ciudadan\u00eda de Altza ha sido durante d\u00e9cadas espectadora pasiva de los planes municipales y ya es hora de que protagonice tanto la lectura o diagn\u00f3stico de los males que la aquejan como la soluci\u00f3n o v\u00edas de mejora.<\/p>\n\n\n\n<h4 class=\"wp-block-heading\">Nuestros objetivos<\/h4>\n\n\n\n<ol class=\"wp-block-list\">\n<li>Analizar nuestro entorno y optimizar la labor de generaci\u00f3n de propuestas por parte de aquell@s que viven a diario el medio del que se trata.<\/li>\n\n\n\n<li>Integrar a los barrios de Altza (Herrera, Roteta, Santa Barbara, Harria, Casco, Larratxo, Buenavista, Molinao, etc.) en una reflexi\u00f3n com\u00fan, como partes de una unidad que tiene una l\u00f3gica com\u00fan y puede ser complementaria entre s\u00ed.<\/li>\n\n\n\n<li>Culminar un largo proceso en el que se ha introducido en la vida diaria la reflexi\u00f3n sobre los proyectos urban\u00edsticos y sobre Altza como realidad diferenciada con una historia y l\u00f3gica presente y futura propias, dando un paso m\u00e1s: la fase propositiva para intervenir sobre nuestro futuro territorial en primera persona.<\/li>\n\n\n\n<li>Ser protagonistas de las estrategias socio-urban\u00edsticas para la mejora de Altza, empoderando a la ciudadan\u00eda.<\/li>\n\n\n\n<li>Fortalecimiento del tejido asociativo.<\/li>\n\n\n\n<li>Reflexi\u00f3n sobre la integraci\u00f3n social de los distintos sectores sociales.<\/li>\n\n\n\n<li>Reflexi\u00f3n sobre Altza como medio donde desarrollar las actividades humanas las 24 horas del d\u00eda.<\/li>\n\n\n\n<li>Reflexi\u00f3n sobre una movilidad sostenible.<\/li>\n<\/ol>\n\n\n\n<h4 class=\"wp-block-heading\">Agunas de nuestras acciones<\/h4>\n\n\n\n<ul class=\"wp-block-list\">\n<li>Sorrera. A\u00f1o 2000<\/li>\n\n\n\n<li>Observatorio socio-urban\u00edstico: analizar y estudiar los proyectos de ocupaci\u00f3n de suelo y ordenaci\u00f3n del territorio. Informaci\u00f3n, dinamizaci\u00f3n constante a la ciudadan\u00eda sobre las implicaciones del modelo territorial.<\/li>\n\n\n\n<li>An\u00e1lisis de las carencias de Altza: Escritos, seminarios, conferencias sobre las condiciones urban\u00edsticas de Altza.<\/li>\n\n\n\n<li>Alegaciones a los planes municipales, reivindicando una participaci\u00f3n real en la que poder influir y decidir sobre nuestro futuro.<\/li>\n\n\n\n<li>Hemos impulsado proyectos de participaci\u00f3n, reflexionando, debatiendo y proponiendo actuaciones concretas para mejorar la calidad de vida, su imagen urbana, su nivel de servicios, su estructura y en definitiva su funcionamiento urbano y territorial.<\/li>\n\n\n\n<li>Propuestas concretas: Plan Especial de Ordenaci\u00f3n del parque A-A\/Landarro. Maketa.<\/li>\n\n\n\n<li>Campa\u00f1a de concienciaci\u00f3n: banderola verde. Mas de 1000 banderola reivindicando zonas verdes.<\/li>\n\n\n\n<li>El \u00faltimo a\u00f1o hemos querido llevar a la practica el parque \u2013 Auzolanak: Tomasene, Eguzkitza, Caminos por A-A.<\/li>\n<\/ul>\n\n\n\n<figure class=\"wp-block-gallery has-nested-images columns-default is-cropped wp-block-gallery-1 is-layout-flex wp-block-gallery-is-layout-flex\">\n<figure class=\"wp-block-image size-large\"><img loading=\"lazy\" decoding=\"async\" width=\"1024\" height=\"768\" data-id=\"267\" src=\"https:\/\/altzaxxi.org\/wp-content\/uploads\/2024\/11\/2013-06-23-14.23.17-1024x768.jpg\" alt=\"\" class=\"wp-image-267\" srcset=\"https:\/\/altzaxxi.org\/wp-content\/uploads\/2024\/11\/2013-06-23-14.23.17-1024x768.jpg 1024w, https:\/\/altzaxxi.org\/wp-content\/uploads\/2024\/11\/2013-06-23-14.23.17-300x225.jpg 300w, https:\/\/altzaxxi.org\/wp-content\/uploads\/2024\/11\/2013-06-23-14.23.17-768x576.jpg 768w, https:\/\/altzaxxi.org\/wp-content\/uploads\/2024\/11\/2013-06-23-14.23.17-1536x1152.jpg 1536w, https:\/\/altzaxxi.org\/wp-content\/uploads\/2024\/11\/2013-06-23-14.23.17.jpg 2048w\" sizes=\"auto, (max-width: 1024px) 100vw, 1024px\" \/><\/figure>\n\n\n\n<figure class=\"wp-block-image size-large\"><img loading=\"lazy\" decoding=\"async\" width=\"1024\" height=\"768\" data-id=\"266\" src=\"https:\/\/altzaxxi.org\/wp-content\/uploads\/2024\/11\/2013-06-23-14.23.33-1024x768.jpg\" alt=\"\" class=\"wp-image-266\" srcset=\"https:\/\/altzaxxi.org\/wp-content\/uploads\/2024\/11\/2013-06-23-14.23.33-1024x768.jpg 1024w, https:\/\/altzaxxi.org\/wp-content\/uploads\/2024\/11\/2013-06-23-14.23.33-300x225.jpg 300w, https:\/\/altzaxxi.org\/wp-content\/uploads\/2024\/11\/2013-06-23-14.23.33-768x576.jpg 768w, https:\/\/altzaxxi.org\/wp-content\/uploads\/2024\/11\/2013-06-23-14.23.33-1536x1152.jpg 1536w, https:\/\/altzaxxi.org\/wp-content\/uploads\/2024\/11\/2013-06-23-14.23.33.jpg 2048w\" sizes=\"auto, (max-width: 1024px) 100vw, 1024px\" \/><\/figure>\n\n\n\n<figure class=\"wp-block-image size-large\"><img loading=\"lazy\" decoding=\"async\" width=\"1024\" height=\"768\" data-id=\"265\" src=\"https:\/\/altzaxxi.org\/wp-content\/uploads\/2024\/11\/2013-05-04-18.36.03-1024x768.jpg\" alt=\"\" class=\"wp-image-265\" srcset=\"https:\/\/altzaxxi.org\/wp-content\/uploads\/2024\/11\/2013-05-04-18.36.03-1024x768.jpg 1024w, https:\/\/altzaxxi.org\/wp-content\/uploads\/2024\/11\/2013-05-04-18.36.03-300x225.jpg 300w, https:\/\/altzaxxi.org\/wp-content\/uploads\/2024\/11\/2013-05-04-18.36.03-768x576.jpg 768w, https:\/\/altzaxxi.org\/wp-content\/uploads\/2024\/11\/2013-05-04-18.36.03-1536x1152.jpg 1536w, https:\/\/altzaxxi.org\/wp-content\/uploads\/2024\/11\/2013-05-04-18.36.03.jpg 2048w\" sizes=\"auto, (max-width: 1024px) 100vw, 1024px\" \/><\/figure>\n\n\n\n<figure class=\"wp-block-image size-large\"><img loading=\"lazy\" decoding=\"async\" width=\"1024\" height=\"768\" data-id=\"260\" src=\"https:\/\/altzaxxi.org\/wp-content\/uploads\/2024\/11\/20140625_201842-1024x768.jpg\" alt=\"\" class=\"wp-image-260\" srcset=\"https:\/\/altzaxxi.org\/wp-content\/uploads\/2024\/11\/20140625_201842-1024x768.jpg 1024w, https:\/\/altzaxxi.org\/wp-content\/uploads\/2024\/11\/20140625_201842-300x225.jpg 300w, https:\/\/altzaxxi.org\/wp-content\/uploads\/2024\/11\/20140625_201842-768x576.jpg 768w, https:\/\/altzaxxi.org\/wp-content\/uploads\/2024\/11\/20140625_201842-1536x1152.jpg 1536w, https:\/\/altzaxxi.org\/wp-content\/uploads\/2024\/11\/20140625_201842-2048x1536.jpg 2048w\" sizes=\"auto, (max-width: 1024px) 100vw, 1024px\" \/><\/figure>\n\n\n\n<figure class=\"wp-block-image size-large\"><img loading=\"lazy\" decoding=\"async\" width=\"1024\" height=\"768\" data-id=\"261\" src=\"https:\/\/altzaxxi.org\/wp-content\/uploads\/2024\/11\/20140625_193341-1024x768.jpg\" alt=\"\" class=\"wp-image-261\" srcset=\"https:\/\/altzaxxi.org\/wp-content\/uploads\/2024\/11\/20140625_193341-1024x768.jpg 1024w, https:\/\/altzaxxi.org\/wp-content\/uploads\/2024\/11\/20140625_193341-300x225.jpg 300w, https:\/\/altzaxxi.org\/wp-content\/uploads\/2024\/11\/20140625_193341-768x576.jpg 768w, https:\/\/altzaxxi.org\/wp-content\/uploads\/2024\/11\/20140625_193341-1536x1152.jpg 1536w, https:\/\/altzaxxi.org\/wp-content\/uploads\/2024\/11\/20140625_193341-2048x1536.jpg 2048w\" sizes=\"auto, (max-width: 1024px) 100vw, 1024px\" \/><\/figure>\n\n\n\n<figure class=\"wp-block-image size-large\"><img loading=\"lazy\" decoding=\"async\" width=\"1024\" height=\"768\" data-id=\"262\" src=\"https:\/\/altzaxxi.org\/wp-content\/uploads\/2024\/11\/20140625_202003-1024x768.jpg\" alt=\"\" class=\"wp-image-262\" srcset=\"https:\/\/altzaxxi.org\/wp-content\/uploads\/2024\/11\/20140625_202003-1024x768.jpg 1024w, https:\/\/altzaxxi.org\/wp-content\/uploads\/2024\/11\/20140625_202003-300x225.jpg 300w, https:\/\/altzaxxi.org\/wp-content\/uploads\/2024\/11\/20140625_202003-768x576.jpg 768w, https:\/\/altzaxxi.org\/wp-content\/uploads\/2024\/11\/20140625_202003-1536x1152.jpg 1536w, https:\/\/altzaxxi.org\/wp-content\/uploads\/2024\/11\/20140625_202003-2048x1536.jpg 2048w\" sizes=\"auto, (max-width: 1024px) 100vw, 1024px\" \/><\/figure>\n\n\n\n<figure class=\"wp-block-image size-large\"><img loading=\"lazy\" decoding=\"async\" width=\"1024\" height=\"768\" data-id=\"263\" src=\"https:\/\/altzaxxi.org\/wp-content\/uploads\/2024\/11\/2013-05-04-17.02.59-1024x768.jpg\" alt=\"\" class=\"wp-image-263\" srcset=\"https:\/\/altzaxxi.org\/wp-content\/uploads\/2024\/11\/2013-05-04-17.02.59-1024x768.jpg 1024w, https:\/\/altzaxxi.org\/wp-content\/uploads\/2024\/11\/2013-05-04-17.02.59-300x225.jpg 300w, https:\/\/altzaxxi.org\/wp-content\/uploads\/2024\/11\/2013-05-04-17.02.59-768x576.jpg 768w, https:\/\/altzaxxi.org\/wp-content\/uploads\/2024\/11\/2013-05-04-17.02.59-1536x1152.jpg 1536w, https:\/\/altzaxxi.org\/wp-content\/uploads\/2024\/11\/2013-05-04-17.02.59.jpg 2048w\" sizes=\"auto, (max-width: 1024px) 100vw, 1024px\" \/><\/figure>\n\n\n\n<figure class=\"wp-block-image size-large\"><img loading=\"lazy\" decoding=\"async\" width=\"1024\" height=\"768\" data-id=\"264\" src=\"https:\/\/altzaxxi.org\/wp-content\/uploads\/2024\/11\/helduen-argazkia-1024x768.jpg\" alt=\"\" class=\"wp-image-264\" srcset=\"https:\/\/altzaxxi.org\/wp-content\/uploads\/2024\/11\/helduen-argazkia-1024x768.jpg 1024w, https:\/\/altzaxxi.org\/wp-content\/uploads\/2024\/11\/helduen-argazkia-300x225.jpg 300w, https:\/\/altzaxxi.org\/wp-content\/uploads\/2024\/11\/helduen-argazkia-768x576.jpg 768w, https:\/\/altzaxxi.org\/wp-content\/uploads\/2024\/11\/helduen-argazkia-1536x1152.jpg 1536w, https:\/\/altzaxxi.org\/wp-content\/uploads\/2024\/11\/helduen-argazkia-2048x1536.jpg 2048w\" sizes=\"auto, (max-width: 1024px) 100vw, 1024px\" \/><\/figure>\n\n\n\n<figure class=\"wp-block-image size-large\"><img loading=\"lazy\" decoding=\"async\" width=\"945\" height=\"798\" data-id=\"255\" src=\"https:\/\/altzaxxi.org\/wp-content\/uploads\/2024\/11\/1.altzagaina-2.jpg\" alt=\"\" class=\"wp-image-255\" srcset=\"https:\/\/altzaxxi.org\/wp-content\/uploads\/2024\/11\/1.altzagaina-2.jpg 945w, https:\/\/altzaxxi.org\/wp-content\/uploads\/2024\/11\/1.altzagaina-2-300x253.jpg 300w, https:\/\/altzaxxi.org\/wp-content\/uploads\/2024\/11\/1.altzagaina-2-768x649.jpg 768w\" sizes=\"auto, (max-width: 945px) 100vw, 945px\" \/><\/figure>\n\n\n\n<figure class=\"wp-block-image size-large\"><img loading=\"lazy\" decoding=\"async\" width=\"1024\" height=\"768\" data-id=\"256\" src=\"https:\/\/altzaxxi.org\/wp-content\/uploads\/2024\/11\/IMG-20140918-WA0000-1024x768.jpg\" alt=\"\" class=\"wp-image-256\" srcset=\"https:\/\/altzaxxi.org\/wp-content\/uploads\/2024\/11\/IMG-20140918-WA0000-1024x768.jpg 1024w, https:\/\/altzaxxi.org\/wp-content\/uploads\/2024\/11\/IMG-20140918-WA0000-300x225.jpg 300w, https:\/\/altzaxxi.org\/wp-content\/uploads\/2024\/11\/IMG-20140918-WA0000-768x576.jpg 768w, https:\/\/altzaxxi.org\/wp-content\/uploads\/2024\/11\/IMG-20140918-WA0000.jpg 1280w\" sizes=\"auto, (max-width: 1024px) 100vw, 1024px\" \/><\/figure>\n\n\n\n<figure class=\"wp-block-image size-large\"><img loading=\"lazy\" decoding=\"async\" width=\"1024\" height=\"785\" data-id=\"257\" src=\"https:\/\/altzaxxi.org\/wp-content\/uploads\/2024\/11\/DCP_1409-1-1024x785.jpg\" alt=\"\" class=\"wp-image-257\" srcset=\"https:\/\/altzaxxi.org\/wp-content\/uploads\/2024\/11\/DCP_1409-1-1024x785.jpg 1024w, https:\/\/altzaxxi.org\/wp-content\/uploads\/2024\/11\/DCP_1409-1-300x230.jpg 300w, https:\/\/altzaxxi.org\/wp-content\/uploads\/2024\/11\/DCP_1409-1-768x589.jpg 768w, https:\/\/altzaxxi.org\/wp-content\/uploads\/2024\/11\/DCP_1409-1-1536x1177.jpg 1536w, https:\/\/altzaxxi.org\/wp-content\/uploads\/2024\/11\/DCP_1409-1.jpg 1609w\" sizes=\"auto, (max-width: 1024px) 100vw, 1024px\" \/><\/figure>\n\n\n\n<figure class=\"wp-block-image size-large\"><img loading=\"lazy\" decoding=\"async\" width=\"1024\" height=\"708\" data-id=\"258\" src=\"https:\/\/altzaxxi.org\/wp-content\/uploads\/2024\/11\/DCP_1417-1024x708.jpg\" alt=\"\" class=\"wp-image-258\" srcset=\"https:\/\/altzaxxi.org\/wp-content\/uploads\/2024\/11\/DCP_1417-1024x708.jpg 1024w, https:\/\/altzaxxi.org\/wp-content\/uploads\/2024\/11\/DCP_1417-300x207.jpg 300w, https:\/\/altzaxxi.org\/wp-content\/uploads\/2024\/11\/DCP_1417-768x531.jpg 768w, https:\/\/altzaxxi.org\/wp-content\/uploads\/2024\/11\/DCP_1417-1536x1062.jpg 1536w, https:\/\/altzaxxi.org\/wp-content\/uploads\/2024\/11\/DCP_1417.jpg 1881w\" sizes=\"auto, (max-width: 1024px) 100vw, 1024px\" \/><\/figure>\n<\/figure>\n\n\n\n<p><\/p>\n","protected":false},"excerpt":{"rendered":"<p>ALTZA XXI, ASOCIACI\u00d3N VECINAL: OBSERVATORIO SOCIO-URBAN\u00cdSTICO DE ALTZA Y DONOSTIA Nuestra labor Reflexionar, debatir y proponer actuaciones y proyectos socio-urban\u00edsticos con el objetivo de mejorar la calidad de vida de&hellip; <\/p>\n","protected":false},"author":1,"featured_media":59,"parent":0,"menu_order":0,"comment_status":"closed","ping_status":"open","template":"","meta":{"footnotes":""},"class_list":["post-2","page","type-page","status-publish","has-post-thumbnail","hentry"],"_links":{"self":[{"href":"https:\/\/altzaxxi.org\/index.php\/wp-json\/wp\/v2\/pages\/2","targetHints":{"allow":["GET"]}}],"collection":[{"href":"https:\/\/altzaxxi.org\/index.php\/wp-json\/wp\/v2\/pages"}],"about":[{"href":"https:\/\/altzaxxi.org\/index.php\/wp-json\/wp\/v2\/types\/page"}],"author":[{"embeddable":true,"href":"https:\/\/altzaxxi.org\/index.php\/wp-json\/wp\/v2\/users\/1"}],"replies":[{"embeddable":true,"href":"https:\/\/altzaxxi.org\/index.php\/wp-json\/wp\/v2\/comments?post=2"}],"version-history":[{"count":8,"href":"https:\/\/altzaxxi.org\/index.php\/wp-json\/wp\/v2\/pages\/2\/revisions"}],"predecessor-version":[{"id":766,"href":"https:\/\/altzaxxi.org\/index.php\/wp-json\/wp\/v2\/pages\/2\/revisions\/766"}],"wp:featuredmedia":[{"embeddable":true,"href":"https:\/\/altzaxxi.org\/index.php\/wp-json\/wp\/v2\/media\/59"}],"wp:attachment":[{"href":"https:\/\/altzaxxi.org\/index.php\/wp-json\/wp\/v2\/media?parent=2"}],"curies":[{"name":"wp","href":"https:\/\/api.w.org\/{rel}","templated":true}]}}